rue
Does 22 divide 234309174?
True
Does 46 divide 105562374?
False
Is 4 a factor of 98517901?
False
Does 9 divide 3362668?
False
Is 2095026 a multiple of 1072?
False
Is 55925692 a multiple of 1425?
False
Is 5030614890 a multiple of 210?
True
Is 11160052 a multiple of 2228?
True
Does 9 divide 21140981?
False
Does 5 divide 24498655?
True
Does 484 divide 1985852?
True
Does 8 divide 2663327256?
True
Is 16 a factor of 231411696?
True
Is 1323358872 a multiple of 74?
True
Does 152 divide 4179809923?
False
Is 10 a factor of 36671151?
False
Is 246 a factor of 197304054?
True
Is 429 a factor of 219506001?
True
Is 4606395458 a multiple of 7537?
False
Does 14 divide 358183560?
True
Is 710 a factor of 192654155?
False
Does 69 divide 165529758?
True
Does 7 divide 505215029?
False
Is 8 a factor of 529162245?
False
Does 25 divide 438472228?
False
Is 14 a factor of 773204978?
True
Is 51 a factor of 15410007?
True
Does 1095 divide 38846294?
False
Is 72 a factor of 6198658?
False
Is 683640 a multiple of 27?
True
Is 300 a factor of 12464574?
False
Does 2731 divide 1516092802?
True
Is 23318825 a multiple of 79?
True
Does 290 divide 771584752?
False
Is 3 a factor of 111742325?
False
Does 158 divide 570473220?
True
Is 1283936 a multiple of 229?
False
Does 45 divide 5082614685?
True
Is 18708806 a multiple of 2?
True
Is 544 a factor of 103310204?
False
Is 2150 a factor of 38378625?
False
Is 3533985 a multiple of 9?
True
Is 235576722 a multiple of 6?
True
Is 52243740 a multiple of 10?
True
Is 1285 a factor of 51299770?
True
Does 3898 divide 98471276?
True
Is 18 a factor of 50525262?
True
Is 80 a factor of 309291458?
False
Does 3823 divide 80799105?
True
Is 13810349 a multiple of 234?
False
Is 54262767 a multiple of 13?
True
Is 23347415 a multiple of 485?
True
Is 25 a factor of 16545225?
True
Is 8 a factor of 2163528312?
True
Does 737 divide 1748941244?
False
Is 722 a factor of 1297108?
False
Is 20 a factor of 285450206?
False
Is 13692610 a multiple of 15?
False
Is 20 a factor of 41977553?
False
Does 371 divide 15530431?
True
Is 20663832 a multiple of 141?
True
Is 102 a factor of 428757918?
True
Is 12 a factor of 3586077840?
True
Is 5 a factor of 11411040?
True
Does 48 divide 36406944?
True
Is 100 a factor of 52135898?
False
Is 24 a factor of 2305350228?
False
Is 774 a factor of 633344269?
False
Is 908190434 a multiple of 935?
False
Is 313887103 a multiple of 214?
False
Is 48130488 a multiple of 2136?
True
Is 84 a factor of 114734978?
False
Is 47545498 a multiple of 127?
True
Is 5967 a factor of 3557840366?
False
Is 183871614 a multiple of 3243?
True
Is 2791087 a multiple of 10?
False
Does 112 divide 94689093?
False
Does 1612 divide 506720916?
True
Is 199828832 a multiple of 898?
False
Is 47 a factor of 732741770?
False
Is 183113730 a multiple of 2474?
False
Is 164059684 a multiple of 12?
False
Does 27 divide 422583372?
True
Does 1112 divide 429496908?
False
Is 6 a factor of 50621083?
False
Does 1088 divide 9196864?
True
Is 510 a factor of 283118565?
False
Is 70 a factor of 47734437?
False
Does 20 divide 2154802200?
True
Is 30425343 a multiple of 69?
True
Is 349357800 a multiple of 7?
False
Is 80908632 a multiple of 8?
True
Is 56 a factor of 32339273?
False
Does 30 divide 40114853?
False
Is 1181813 a multiple of 190?
False
Is 6312 a factor of 449409430?
False
Is 103 a factor of 2597622817?
True
Does 12 divide 726044393?
False
Is 310 a factor of 443789135?
False
Is 1293 a factor of 1505322237?
True
Is 20007803 a multiple of 199?
False
Is 33900895 a multiple of 63?
False
Does 107 divide 60695322?
True
Does 332 divide 37261166?
False
Is 53973425 a multiple of 205?
True
Is 1107017010 a multiple of 990?
True
Is 125 a factor of 56852067?
False
Is 6210 a factor of 511476599?
False
Is 1353 a factor of 4338422913?
True
Is 44 a factor of 21933929?
False
Is 3246 a factor of 526767372?
True
Is 3409249574 a multiple of 37?
False
Is 187072528 a multiple of 12?
False
Does 1060 divide 35595860?
True
Does 2 divide 664877?
False
Is 24 a factor of 67063070?
False
Is 33 a factor of 209616924?
True
Is 2062762443 a multiple of 711?
True
Does 424 divide 116728048?
True
Is 4844184 a multiple of 12?
True
Does 1353 divide 1483010610?
False
Does 49 divide 30457126?
True
Is 109 a factor of 57099868?
True
Is 2419618083 a multiple of 79?
True
Is 64 a factor of 10834438?
False
Is 108 a factor of 366077988?
True
Does 856 divide 39346896?
True
Does 21 divide 8481032?
False
Is 5110034 a multiple of 8?
False
Is 1015051601 a multiple of 53?
True
Does 14 divide 301102350?
False
Is 78141083 a multiple of 379?
True
Is 43313808 a multiple of 937?
False
Is 18 a factor of 70367886?
True
Is 463109508 a multiple of 414?
True
Is 2032439 a multiple of 323?
False
Does 1243 divide 2297586985?
False
Does 96 divide 76132169?
False
Is 8 a factor of 50109836?
False
Is 151 a factor of 974315216?
False
Is 41973168 a multiple of 48?
True
Does 233 divide 33255391?
True
Is 1032 a factor of 130151712?
True
Is 133 a factor of 10329046?
True
Does 34 divide 41012636?
True
Is 988 a factor of 422092010?
False
Is 40 a factor of 3561238080?
True
Is 529 a factor of 104742565?
False
Is 45 a factor of 394764431?
False
Is 817691598 a multiple of 2407?
True
Does 19 divide 2169350669?
True
Does 44 divide 2850623248?
True
Is 41625342 a multiple of 22?
True
Is 23695182 a multiple of 18?
True
Does 37 divide 503692877?
True
Is 667973580 a multiple of 15?
True
Is 78873609 a multiple of 167?
False
Does 158 divide 635627196?
False
Is 111750470 a multiple of 2224?
False
Is 73834600 a multiple of 115?
True
Does 51 divide 56593221?
True
Is 1691488314 a multiple of 9?
True
Is 112700711 a multiple of 13?
False
Is 50 a factor of 169204543?
False
Is 200 a factor of 4917200?
True
Is 110 a factor of 4502550?
False
Is 21 a factor of 123133332?
True
Is 9710604 a multiple of 246?
True
Does 34 divide 2225674?
True
Does 75 divide 811613175?
True
Is 137 a factor of 466462258?
True
Is 402594211 a multiple of 56?
False
Is 85234282 even?
True
Is 10 a factor of 51097488?
False
Is 45 a factor of 115070794?
False
Is 308476148 a multiple of 1113?
False
Is 19 a factor of 3904555?
False
Is 3497266692 a multiple of 4028?
True
Is 140351507 a multiple of 190?
False
Is 1439431711 a multiple of 15?
False
Is 369173635 a multiple of 4159?
True
Is 15 a factor of 1381411175?
False
Is 17 a factor of 716332?
False
Is 31 a factor of 1497581015?
True
Does 3030 divide 30206697?
False
Does 1159 divide 263526959?
False
Is 6 a factor of 68655798?
True
Is 19 a factor of 27557580?
False
Is 152674396 a multiple of 4?
True
Does 62 divide 459141062?
True
Is 2635 a factor of 626318270?
False
Is 163450 a multiple of 10?
True
Is 206 a factor of 19662803?
False
Is 8 a factor of 1572229?
False
Does 10 divide 1322603344?
False
Does 436 divide 665581?
False
Is 1696 a factor of 31122971?
False
Is 6 a factor of 72214680?
True
Does 69 divide 13590826?
False
Does 373 divide 348757498?
False
Is 62621422 a multiple of 298?
True
Is 163 a factor of 255728092?
True
Is 8452 a factor of 2908434718?
False
Does 5735 divide 2530693029?
False
Does 455 divide 4773860?
True
Is 1117575064 a multiple of 21?
False
Is 332695176 a multiple of 44?
True
Does 35 divide 982555735?
True
Does 543 divide 4200961564?
False
Is 12 a factor of 653846?
False
Is 161 a factor of 4663546?
False
Is 419 a factor of 141581455?
False
Is 13 a factor of 2818154222?
True
Is 264388754 a multiple of 220?
False
Is 172 a factor of 4762078?
False
Is 67 a factor of 3009495298?
False
Is 3268337300 a multiple of 517?
False
Does 241 divide 86382774?
False
Does 37 divide 3629589?
True
Does 35 divide 1067426850?
True
Is 156 a factor of 16995224?
False
Is 741495870 a multiple of 27?
True
Is 42854920 a multiple of 2?
True
Is 200241860 a multiple of 7?
True
Is 81429320 a multiple of 34?
True
Does 7 divide 1258292700?
True
Is 122171996 a multiple of 5?
False
Is 51592303 a multiple of 1237?
False
Does 26 divide 3775871736?
True
Is 24783241 a multiple of 20?
False
Is 30028881 a multiple of 387?
False
Is 866763645 a multiple of 6?
False
Is 21 a factor of 11373516?
True
Is 3016202 a multiple of 9?
False
Is 1518 a factor of 449257770?
False
Is 317394835 a multiple of 48?
False
Is 60 a factor of 109577580?
True
Is 58 a factor of 67002847?
False
Does 365 div